{"id":33,"date":"2022-07-18T14:26:23","date_gmt":"2022-07-18T19:26:23","guid":{"rendered":"https:\/\/provenseg.com\/website\/?page_id=33"},"modified":"2025-08-24T16:53:50","modified_gmt":"2025-08-24T21:53:50","slug":"sobre-nosotros","status":"publish","type":"page","link":"https:\/\/provenseg.com\/website\/sobre-nosotros\/","title":{"rendered":"Sobre Nosotros"},"content":{"rendered":"<p>[et_pb_section fb_built=\u00bb1&#8243; _builder_version=\u00bb3.0.60&#8243;][et_pb_row _builder_version=\u00bb3.0.60&#8243;][et_pb_column type=\u00bb4_4&#8243; _builder_version=\u00bb3.0.60&#8243; parallax=\u00bboff\u00bb parallax_method=\u00bbon\u00bb][et_pb_text _builder_version=\u00bb3.0.60&#8243;]<\/p>\n<h1 style=\"text-align: center;\"><strong>SOBRE NOSOTROS<\/strong><\/h1>\n<p><strong><\/strong><\/p>\n<p><strong><\/strong><\/p>\n<p><strong><\/strong><\/p>\n<p>Somos <strong style=\"color: #58000a;\">PROVENSEG CIA. LTDA.<\/strong> , Asesores de seguros con mas de 35 a&ntilde;os de experiencia en el mercado Ecuatoriano. Brindando la mejor asesor&iacute;a a nuestra cartera de clientes.<\/p>\n<p>Fundada en la Ciudad de Guayaquil, <strong style=\"color: #58000a;\">PROVENSEG CIA. LTDA.<\/strong> es una empresa Familiar dedicada al corretaje de seguros. Nos especializamos en ofrecer a nuestros clientes las mejores opciones del mercado asegurador.<\/p>\n<p>Estamos Comprometidos con nuestros clientes en darles un servicio integral de atenci&oacute;n personalizada. Recomendaciones para control de riesgos, manejos de reclamos y dar seguimientos y soporte a sus importantes requerimientos.<\/p>\n<p><strong style=\"color: #58000a;\">SABEMOS QUE CONTRATAR UN SEGURO NO ES FACIL! NOSOTROS TE ASESORAMOS!<\/strong><\/p>\n<p><strong style=\"color: #58000a;\">RECUERDA QUE NUESTRO SERVICIO NO TIENE COSTO.<\/strong> Contratar una p&oacute;liza o un plan de seguros a trav&eacute;s de nosotros no genera ning&uacute;n un costo adicional a tu factura final.<\/p>\n<p>[\/et_pb_text][\/et_pb_column][\/et_pb_row][et_pb_row _builder_version=\u00bb3.0.60&#8243;][et_pb_column type=\u00bb4_4&#8243; _builder_version=\u00bb3.0.60&#8243; parallax=\u00bboff\u00bb parallax_method=\u00bbon\u00bb][et_pb_text _builder_version=\u00bb3.0.60&#8243;]<\/p>\n<h1 class=\"animated fadeInUp\" data-animation=\"fadeInUp\" style=\"text-align: center;\"><strong>QU\u00c9 HACE UN\u00a0<span class=\"id-color\">BROKER DE SEGUROS?<\/span><\/strong><\/h1>\n<p><strong><\/strong><\/p>\n<p><strong><\/strong><\/p>\n<p><strong><\/strong><\/p>\n<p><span>Somos intermediarios entre la compa\u00f1\u00eda de seguros y las necesidades de nuestros clientes, te ayudamos a canalizar todos tus requerimientos, nos encargamos de todo mientras ustedes pueden estar tranquilos en la comodidad de su hogar.<\/span><\/p>\n<h1 class=\"animated fadeInUp\" data-animation=\"fadeInUp\" style=\"text-align: center;\"><strong>EN QU\u00c9 PODEMOS\u00a0<span class=\"id-color\">AYUDARTE?<\/span><\/strong><\/h1>\n<p><span>Seguramente ha contratado un seguro obligado por el Banco o la Concesionaria o quiz\u00e1s reviso por internet alg\u00fan cotizador con una tasa atractiva para su veh\u00edculo ,y cuando tuvo que utilizarlo se llev\u00f3 una gran sorpresa porque no ten\u00eda a nadie que le ayude a manejar su siniestro.<\/span><\/p>\n<p><span>Nosotros te asesoramos, nos encargamos de todo proceso y el manejo de sus siniestros y reclamos.<\/span><\/p>\n<p><span><\/span><\/p>\n<ul>\n<li><span>Registramos cada reclamo para dar seguimiento tanto al \u00abtaller designado \u00abcomo a la \u00abaseguradora contratada\u00bb.<\/span><\/li>\n<li><span>Te mantenemos informado con respecto al avance de las reparaciones.<\/span><\/li>\n<\/ul>\n<p>[\/et_pb_text][\/et_pb_column][\/et_pb_row][\/et_pb_section]<\/p>\n","protected":false},"excerpt":{"rendered":"<p>[et_pb_section fb_built=\u00bb1&#8243; _builder_version=\u00bb3.0.60&#8243;][et_pb_row _builder_version=\u00bb3.0.60&#8243;][et_pb_column type=\u00bb4_4&#8243; _builder_version=\u00bb3.0.60&#8243; parallax=\u00bboff\u00bb parallax_method=\u00bbon\u00bb][et_pb_text _builder_version=\u00bb3.0.60&#8243;] SOBRE NOSOTROS Somos PROVENSEG CIA. LTDA. , Asesores de seguros con mas de 35 a&ntilde;os de experiencia en el mercado Ecuatoriano. Brindando la mejor asesor&iacute;a a nuestra cartera de clientes. Fundada en la Ciudad de Guayaquil, PROVENSEG CIA. LTDA. es una empresa Familiar dedicada al corretaje [&hellip;]<\/p>\n","protected":false},"author":1,"featured_media":0,"parent":0,"menu_order":0,"comment_status":"closed","ping_status":"closed","template":"","meta":{"_editorskit_title_hidden":false,"_editorskit_reading_time":0,"_editorskit_typography_data":[],"_editorskit_blocks_typography":"","_editorskit_is_block_options_detached":false,"_editorskit_block_options_position":"{}","_joinchat":[],"footnotes":""},"class_list":["post-33","page","type-page","status-publish","hentry"],"yoast_head":"<!-- This site is optimized with the Yoast SEO plugin v19.4 - https:\/\/yoast.com\/wordpress\/plugins\/seo\/ -->\n<title>Sobre Nosotros - Provenseg<\/title>\n<meta name=\"robots\" content=\"noindex, follow, max-snippet:-1, max-image-preview:large, max-video-preview:-1\" \/>\n<meta property=\"og:locale\" content=\"es_ES\" \/>\n<meta property=\"og:type\" content=\"article\" \/>\n<meta property=\"og:title\" content=\"Sobre Nosotros - Provenseg\" \/>\n<meta property=\"og:description\" content=\"[et_pb_section fb_built=\u00bb1&#8243; _builder_version=\u00bb3.0.60&#8243;][et_pb_row _builder_version=\u00bb3.0.60&#8243;][et_pb_column type=\u00bb4_4&#8243; _builder_version=\u00bb3.0.60&#8243; parallax=\u00bboff\u00bb parallax_method=\u00bbon\u00bb][et_pb_text _builder_version=\u00bb3.0.60&#8243;] SOBRE NOSOTROS Somos PROVENSEG CIA. LTDA. , Asesores de seguros con mas de 35 a&ntilde;os de experiencia en el mercado Ecuatoriano. Brindando la mejor asesor&iacute;a a nuestra cartera de clientes. Fundada en la Ciudad de Guayaquil, PROVENSEG CIA. LTDA. es una empresa Familiar dedicada al corretaje [&hellip;]\" \/>\n<meta property=\"og:url\" content=\"https:\/\/provenseg.com\/website\/sobre-nosotros\/\" \/>\n<meta property=\"og:site_name\" content=\"Provenseg\" \/>\n<meta property=\"article:modified_time\" content=\"2025-08-24T21:53:50+00:00\" \/>\n<meta name=\"twitter:card\" content=\"summary_large_image\" \/>\n<meta name=\"twitter:label1\" content=\"Tiempo de lectura\" \/>\n\t<meta name=\"twitter:data1\" content=\"2 minutos\" \/>\n<script type=\"application\/ld+json\" class=\"yoast-schema-graph\">{\"@context\":\"https:\/\/schema.org\",\"@graph\":[{\"@type\":\"Organization\",\"@id\":\"https:\/\/provenseg.com\/website\/#organization\",\"name\":\"Provenseg\",\"url\":\"https:\/\/provenseg.com\/website\/\",\"sameAs\":[],\"logo\":{\"@type\":\"ImageObject\",\"inLanguage\":\"es\",\"@id\":\"https:\/\/provenseg.com\/website\/#\/schema\/logo\/image\/\",\"url\":\"https:\/\/provenseg.com\/website\/wp-content\/uploads\/2022\/07\/cropped-logo_provenseg2.png\",\"contentUrl\":\"https:\/\/provenseg.com\/website\/wp-content\/uploads\/2022\/07\/cropped-logo_provenseg2.png\",\"width\":250,\"height\":48,\"caption\":\"Provenseg\"},\"image\":{\"@id\":\"https:\/\/provenseg.com\/website\/#\/schema\/logo\/image\/\"}},{\"@type\":\"WebSite\",\"@id\":\"https:\/\/provenseg.com\/website\/#website\",\"url\":\"https:\/\/provenseg.com\/website\/\",\"name\":\"Provenseg\",\"description\":\"Agencia de Seguros\",\"publisher\":{\"@id\":\"https:\/\/provenseg.com\/website\/#organization\"},\"potentialAction\":[{\"@type\":\"SearchAction\",\"target\":{\"@type\":\"EntryPoint\",\"urlTemplate\":\"https:\/\/provenseg.com\/website\/?s={search_term_string}\"},\"query-input\":\"required name=search_term_string\"}],\"inLanguage\":\"es\"},{\"@type\":\"WebPage\",\"@id\":\"https:\/\/provenseg.com\/website\/sobre-nosotros\/\",\"url\":\"https:\/\/provenseg.com\/website\/sobre-nosotros\/\",\"name\":\"Sobre Nosotros - Provenseg\",\"isPartOf\":{\"@id\":\"https:\/\/provenseg.com\/website\/#website\"},\"datePublished\":\"2022-07-18T19:26:23+00:00\",\"dateModified\":\"2025-08-24T21:53:50+00:00\",\"breadcrumb\":{\"@id\":\"https:\/\/provenseg.com\/website\/sobre-nosotros\/#breadcrumb\"},\"inLanguage\":\"es\",\"potentialAction\":[{\"@type\":\"ReadAction\",\"target\":[\"https:\/\/provenseg.com\/website\/sobre-nosotros\/\"]}]},{\"@type\":\"BreadcrumbList\",\"@id\":\"https:\/\/provenseg.com\/website\/sobre-nosotros\/#breadcrumb\",\"itemListElement\":[{\"@type\":\"ListItem\",\"position\":1,\"name\":\"Portada\",\"item\":\"https:\/\/provenseg.com\/website\/\"},{\"@type\":\"ListItem\",\"position\":2,\"name\":\"Sobre Nosotros\"}]}]}<\/script>\n<!-- \/ Yoast SEO plugin. -->","yoast_head_json":{"title":"Sobre Nosotros - Provenseg","robots":{"index":"noindex","follow":"follow","max-snippet":"max-snippet:-1","max-image-preview":"max-image-preview:large","max-video-preview":"max-video-preview:-1"},"og_locale":"es_ES","og_type":"article","og_title":"Sobre Nosotros - Provenseg","og_description":"[et_pb_section fb_built=\u00bb1&#8243; _builder_version=\u00bb3.0.60&#8243;][et_pb_row _builder_version=\u00bb3.0.60&#8243;][et_pb_column type=\u00bb4_4&#8243; _builder_version=\u00bb3.0.60&#8243; parallax=\u00bboff\u00bb parallax_method=\u00bbon\u00bb][et_pb_text _builder_version=\u00bb3.0.60&#8243;] SOBRE NOSOTROS Somos PROVENSEG CIA. LTDA. , Asesores de seguros con mas de 35 a&ntilde;os de experiencia en el mercado Ecuatoriano. Brindando la mejor asesor&iacute;a a nuestra cartera de clientes. Fundada en la Ciudad de Guayaquil, PROVENSEG CIA. LTDA. es una empresa Familiar dedicada al corretaje [&hellip;]","og_url":"https:\/\/provenseg.com\/website\/sobre-nosotros\/","og_site_name":"Provenseg","article_modified_time":"2025-08-24T21:53:50+00:00","twitter_card":"summary_large_image","twitter_misc":{"Tiempo de lectura":"2 minutos"},"schema":{"@context":"https:\/\/schema.org","@graph":[{"@type":"Organization","@id":"https:\/\/provenseg.com\/website\/#organization","name":"Provenseg","url":"https:\/\/provenseg.com\/website\/","sameAs":[],"logo":{"@type":"ImageObject","inLanguage":"es","@id":"https:\/\/provenseg.com\/website\/#\/schema\/logo\/image\/","url":"https:\/\/provenseg.com\/website\/wp-content\/uploads\/2022\/07\/cropped-logo_provenseg2.png","contentUrl":"https:\/\/provenseg.com\/website\/wp-content\/uploads\/2022\/07\/cropped-logo_provenseg2.png","width":250,"height":48,"caption":"Provenseg"},"image":{"@id":"https:\/\/provenseg.com\/website\/#\/schema\/logo\/image\/"}},{"@type":"WebSite","@id":"https:\/\/provenseg.com\/website\/#website","url":"https:\/\/provenseg.com\/website\/","name":"Provenseg","description":"Agencia de Seguros","publisher":{"@id":"https:\/\/provenseg.com\/website\/#organization"},"potentialAction":[{"@type":"SearchAction","target":{"@type":"EntryPoint","urlTemplate":"https:\/\/provenseg.com\/website\/?s={search_term_string}"},"query-input":"required name=search_term_string"}],"inLanguage":"es"},{"@type":"WebPage","@id":"https:\/\/provenseg.com\/website\/sobre-nosotros\/","url":"https:\/\/provenseg.com\/website\/sobre-nosotros\/","name":"Sobre Nosotros - Provenseg","isPartOf":{"@id":"https:\/\/provenseg.com\/website\/#website"},"datePublished":"2022-07-18T19:26:23+00:00","dateModified":"2025-08-24T21:53:50+00:00","breadcrumb":{"@id":"https:\/\/provenseg.com\/website\/sobre-nosotros\/#breadcrumb"},"inLanguage":"es","potentialAction":[{"@type":"ReadAction","target":["https:\/\/provenseg.com\/website\/sobre-nosotros\/"]}]},{"@type":"BreadcrumbList","@id":"https:\/\/provenseg.com\/website\/sobre-nosotros\/#breadcrumb","itemListElement":[{"@type":"ListItem","position":1,"name":"Portada","item":"https:\/\/provenseg.com\/website\/"},{"@type":"ListItem","position":2,"name":"Sobre Nosotros"}]}]}},"_links":{"self":[{"href":"https:\/\/provenseg.com\/website\/wp-json\/wp\/v2\/pages\/33","targetHints":{"allow":["GET"]}}],"collection":[{"href":"https:\/\/provenseg.com\/website\/wp-json\/wp\/v2\/pages"}],"about":[{"href":"https:\/\/provenseg.com\/website\/wp-json\/wp\/v2\/types\/page"}],"author":[{"embeddable":true,"href":"https:\/\/provenseg.com\/website\/wp-json\/wp\/v2\/users\/1"}],"replies":[{"embeddable":true,"href":"https:\/\/provenseg.com\/website\/wp-json\/wp\/v2\/comments?post=33"}],"version-history":[{"count":9,"href":"https:\/\/provenseg.com\/website\/wp-json\/wp\/v2\/pages\/33\/revisions"}],"predecessor-version":[{"id":414,"href":"https:\/\/provenseg.com\/website\/wp-json\/wp\/v2\/pages\/33\/revisions\/414"}],"wp:attachment":[{"href":"https:\/\/provenseg.com\/website\/wp-json\/wp\/v2\/media?parent=33"}],"curies":[{"name":"wp","href":"https:\/\/api.w.org\/{rel}","templated":true}]}}